268
In base 9, what is -420 + 476425?
476005
In base 4, what is 2 + 331230023201?
331230023203
In base 11, what is 14a493 + -a?
14a484
In base 4, what is 1313022013213 + -310?
1313022012303
In base 11, what is -158 - 41334?
-41491
In base 13, what is 1 + -205692?
-205691
In base 9, what is -3488888 + -70?
-3500068
In base 5, what is -113432304 - -43?
-113432211
In base 2, what is -101111110011111 - 1111101?
-110000000011100
In base 10, what is -2 + -116986474?
-116986476
In base 11, what is 1383277 + 6?
1383282
In base 10, what is -394033 - 9?
-394042
In base 11, what is 163a0203 + 1?
163a0204
In base 6, what is -3444343 + -2?
-3444345
In base 12, what is 70 - 172a173?
-172a103
In base 15, what is 19e - -a068?
a217
In base 8, what is 167 - 132606?
-132417
In base 5, what is 24304 + 2002344?
2032203
In base 10, what is -1888285 - -11?
-1888274
In base 14, what is 11b29 - 144?
119c5
In base 10, what is -503604 + -67?
-503671
In base 14, what is b29 + -1795?
-a6a
In base 15, what is -18c0 - -155?
-176a
In base 3, what is -12 - -11222111201220?
11222111201201
In base 12, what is b12b061 - -7?
b12b068
In base 6, what is 10331452 - -304?
10332200
In base 7, what is -4 + -1602415460?
-1602415464
In base 14, what is 141c18d52 + 2?
141c18d54
In base 16, what is -6e44d92 - -2?
-6e44d90
In base 7, what is 5 + 541262510?
541262515
In base 10, what is -7013 + -41952?
-48965
In base 10, what is 33 - -1103795?
1103828
In base 9, what is -1767082502 - -4?
-1767082487
In base 3, what is -11 - 110201011121000?
-110201011121011
In base 7, what is -2 - 33022310?
-33022312
In base 7, what is 16054 - -24332?
43416
In base 2, what is -11111011110110011111011011 + 100?
-11111011110110011111010111
In base 15, what is -8 + -33b73?
-33b7b
In base 15, what is c + -ec73?
-ec66
In base 12, what is -4a09 - -5b?
-496a
In base 14, what is -55 + -12155?
-121aa
In base 5, what is -24 - -4232104302?
4232104223
In base 5, what is -34311241 - 13241?
-34330032
In base 9, what is 1 + 1743601?
1743602
In base 16, what is 836 + -3201?
-29cb
In base 13, what is -6 + -31ca?
-3203
In base 10, what is 448539 + -660?
447879
In base 15, what is -130 - -73276?
73146
In base 13, what is -c3899a8 - 6?
-c3899b1
In base 12, what is -74b47b - 2?
-74b481
In base 10, what is 3 - -33607272?
33607275
In base 11, what is 72669787 + -5?
72669782
In base 11, what is 1 + -8351308?
-8351307
In base 15, what is -1ac3 + 33e?
-1784
In base 10, what is 45738 + -1066?
44672
In base 11, what is -608 + 64a5?
5998
In base 14, what is -1 - -12bc178?
12bc177
In base 4, what is 120301 - -213200133?
213321100
In base 14, what is 1a75b - -d2?
1a84d
In base 6, what is -14 - -3254345111?
3254345053
In base 2, what is 110 + 10010001001111000011111?
10010001001111000100101
In base 8, what is -3714 + 12570?
6654
In base 6, what is -230410 - 2310?
-233120
In base 16, what is 3c5fa + 157?
3c751
In base 3, what is -20 + 20120220012?
20120212222
In base 16, what is -ee6 + 8cf?
-617
In base 5, what is -123104 - -10400?
-112204
In base 4, what is -1 - -22203332131?
22203332130
In base 14, what is -4648aa + d4?
-4647b6
In base 6, what is 15315224222 + 5?
15315224231
In base 5, what is -3421411131 + 0?
-3421411131
In base 9, what is 115 - 225653?
-225537
In base 14, what is 6 - 4352a2d?
-4352a27
In base 8, what is 200417 + 6400?
207017
In base 5, what is 1124 + -22222142?
-22221013
In base 7, what is 31354 + -66156?
-34502
In base 13, what is 1b859 - -191?
1ba1a
In base 8, what is -210550 - -26462?
-162066
In base 9, what is 2 - -4020632?
4020634
In base 9, what is 3332 - -38672?
43114
In base 10, what is 401454 + -109?
401345
In base 14, what is -299 + -25c?
-517
In base 8, what is -1237453170 + 1?
-1237453167
In base 2, what is -1000010 - 110000011111111100010?
-110000100000000100100
In base 11, what is 8469 - 1447?
7022
In base 6, what is -43121314 + -141?
-43121455
In base 4, what is 1322321013 + 1302?
1322322321
In base 11, what is -1566 + 72800?
71245
In base 4, what is 11 + -21020001223002?
-21020001222331
In base 10, what is 46 - 1034932?
-1034886
In base 11, what is 88997 - 179?
88819
In base 4, what is 1132230 - 1323232?
-131002
In base 12, what is -a440607 + -1?
-a440608
In base 10, what is 8 - 1639126?
-1639118
In base 10, what is -7487 + -58796?
-66283
In base 2, what is -1101 - 10101010100010111100?
-10101010100011001001
In base 3, what is -1021201022122221 - -1122?
-1021201022121022
In base 15, what is 15c8 + 8c4?
1e9c
In base 10, what is -17025132 + 6?
-17025126
In base 8, what is 512271352 - 5?
512271345
In base 15, what is -23a03cd5 + -2?
-23a03cd7
In base 10, what is -263 - -991696?
991433
In base 2, what is 10111100101010000 + 10000110000?
10111110110000000
In base 8, what is 640 + 131623?
132463
In base 6, what is -11215402 + -3104?
-11222510
In base 8, what is -412140 + 4643?
-405275
In base 6, what is -4234 - 52311?
-100545
In base 12, what is -35 - b33ba?
-b3433
In base 7, what is 10 + 213366650?
213366660
In base 15, what is 50 + -951b?
-94bb
In base 2, what is -11010 - -110110111011011000?
110110111010111110
In base 11, what is -4 + -17209589?
-17209592
In base 16, what is c31e5 - -279?
c345e
In base 5, what is -1020 - 10324414?
-10330434
In base 11, what is 267 - 25a?
8
In base 12, what is 27 + -36720?
-366b5
In base 15, what is -440944 - 1b?
-440960
In base 13, what is 1a - 18970?
-18953
In base 16, what is 2 + -7c6d3e?
-7c6d3c
In base 6, what is 10 - 2413200013?
-2413200003
In base 10, what is 20 - 39783?
-39763
In base 10, what is -1131 + 1686?
555
In base 9, what is 5 + -103542012?
-103542006
In base 4, what is -1333200232213 - -100?
-1333200232113
In base 14, what is -12 + -31c666?
-31c678
In base 9, what is -514 + -151671?
-152285
In base 16, what is 5fb0ef - 2?
5fb0ed
In base 6, what is 35 + 1132304435?
1132304514
In base 7, what is 4034216 + 1202?
4035421
In base 10, what is -17461821 + 0?
-17461821
In base 15, what is 6 + -87a388?
-87a382
In base 9, what is -2 - 71143254?
-71143256
In base 13, what is 575 + 4262?
4807
In base 3, what is -11 - 10201012012010?
-10201012012021
In base 8, what is -54 + 5077614?
5077540
In base 6, what is -3 - -12030014?
12030011
In base 7, what is -110324416 + 21?
-110324365
In base 10, what is 2 + 38910655?
38910657
In base 8, what is 331222 - -530?
331752
In base 7, what is -4256 + -526111?
-533400
In base 8, what is 44 - 35733377?
-35733333
In base 11, what is -26980 - -1770?
-25210
In base 10, what is -3 + -343589679?
-343589682
In base 12, what is -1b706b + -51a?
-1b7589
In base 14, what is -2 + 2762238?
2762236
In base 8, what is -10063 + 5260?
-2603
In base 13, what is 49c34 + 116?
4a04a
In base 14, what is 14643 - 126?
1451b
In base 13, what is -7aa03 + -293?
-7ac96
In base 3, what is -2211020110111102 + -2?
-2211020110111111
In base 6, what is 11432203 - 430?
11431333
In base 12, what is -121 + 817077?
816b56
In base 4, what is -2203130233113 + 0?
-2203130233113
In base 4, what is 2112003312 - -21?
2112003333
In base 4, what is -113330323 - 11?
-113331000
In base 13, what is -2bb5 + -380?
-3265
In base 11, what is -a02327 + -46?
-a02372
In base 4, what is -22320 + 113133313?
113110333
In base 6, what is 10053452 + 205?
10054101
In base 9, what is -18464 + -754?
-20328
In base 3, what is -1 + -22202011202200?
-22202011202201
In base 9, what is 5780163 - 17?
5780145
In base 16, what is -2 + 54654c?
54654a
In base 13, what is -13a80 - 1278?
-15028
In base 9, what is -4555 - -620?
-3835
In base 7, what is -254155 + 2662?
-251163
In base 13, what is -107a477 + -8?
-107a482
In base 6, what is -10531324 - 5305?
-10541033
In base 14, what is 833 - 846?
-13
In base 11, what is 11402 - 15788?
-4386
In base 3, what is 1202100221101200 + 1212?
1202100221110112
In base 12, what is -3 + 30772b?
307728
In base 10, what is -8855 - 1222?
-10077
In base 5, what is 10044 + -340014?
-324420
In base 14, what is 3b6 + -a4b3?
-a0db
In base 6, what is 144 - -4244505?
4245053
In base 12, what is 1708283 + -4?
170827b
In base 7, what is -1 - 13215525?
-13215526
In base 8, what is -6060 - -163030?
154750
In base 4, what is -10101 + 3133121203?
3133111102
In base 10, what is -271000 - 1?
-271001
In base 15, what is 3435 + -d89?
259b
In base 13, what is 1734 + -234b?
-917
In base 